 is the tens digit of k?
1
What is the units digit of (4/(-2) - 96/(-20))*25?
0
Let j be -2*-1*(-5)/(-2). Let m = j - 2. Suppose -c - m*c = 3*w - 7, -c - 1 = -2*w. What is the units digit of c?
1
Suppose -q = 4*g + 9, -4*q + 2*g + 4 = -14. Suppose t - 3*r = -10, t - r = -q*r. Let h(p) = p**2 + 3*p - 1. What is the units digit of h(t)?
3
What is the hundreds digit of 4438/28 - 2/(-4)?
1
Suppose 4*u - 6*u + 8 = 0. What is the units digit of u?
4
Let c be 2/10 - (-42)/(-35). What is the units digit of 3*(c - 0) - -6?
3
Suppose -3*f + 0*j + 544 = 5*j, 2*f - 352 = 2*j. What is the tens digit of f?
7
Let f = -4 - -7. Suppose 4*d - 4 = 2*n, d + d = -n + 6. Suppose f*u - 3*z - d = u, 0 = z. What is the units digit of u?
1
Let i(r) = r**2 - 2*r - 1. Let p be i(-1). Let a be (p*7)/2 + -2. Suppose -v + a*c = 24, 0 = 2*v + 2*v + c - 9. What is the units digit of v?
1
Let w(t) = -t - 7. Suppose 2*o = -2*o + 36. Let j be w(o). Let q = j - -26. What is the tens digit of q?
1
Let o(r) = -r**2 - 2 + 0*r**2 - 2 + 3*r - r**3. What is the tens digit of o(-4)?
3
Let y(v) = v**3 - 15*v**2 - 11*v - 18. What is the tens digit of y(16)?
6
Suppose -11 = -o - 3. Suppose -w = -5*l + 2, w + 5*l + 0*l = o. What is the units digit of w?
3
Let s be (-3)/(-3) - -3*2. Let n be (6 - 0)/(-3) + -2. Let i = s + n. What is the units digit of i?
3
Let m(i) = -2*i**2 - 2*i + 4. Let u be m(-7). Let q be ((-6)/4)/(6/u). Suppose -5*f = -3*h + 5*h - q, -2*f = 0. What is the units digit of h?
0
Let r(x) = x**2 + 4*x + 12. Let c be r(-7). Let f = -9 + c. What is the tens digit of f?
2
Let d(a) = -a**2 + 3. Let s be d(0). Let v(z) = 2*z**3 - 4*z**2 + 3*z + 1. What is the units digit of v(s)?
8
Let k(v) = -v**2. Let x(n) = n**3 - 14*n**2 + 11*n - 14. Let u(z) = 3*k(z) - x(z). What is the units digit of u(10)?
4
Let j(m) = -4*m - 4. Let x(b) = -11*b - 11. Let h(n) = -8*j(n) + 3*x(n). Let d be h(0). What is the units digit of d/3 + (-268)/(-12)?
2
Suppose -8 = 4*u - 40. Let s(o) = -o**3 + 7*o**2 + 9*o + 10. What is the units digit of s(u)?
8
Let l(d) be the second derivative of d**5/20 - 7*d**4/6 - 13*d**3/6 + 7*d**2 + 3*d. What is the tens digit of l(15)?
4
Let j(a) = -a**3 + a**2 + a. Let r(v) = -2*v**3 - 3*v**2 + 7*v + 5. Let p(f) = -3*j(f) + r(f). What is the units digit of p(6)?
9
Suppose 0 = a - 2*s - 182, 2*a + 16*s - 11*s - 400 = 0. What is the hundreds digit of a?
1
Suppose 4*o = 2*c + 12, 2*c + 2*c = 3*o - 4. Suppose -3*m = -3*z - 22 + o, -m + 6 = 5*z. What is the units digit of m?
6
What is the tens digit of (-5 + -3 - -1)*-3?
2
Let u(y) = y**3 + 8*y**2 + 2*y + 9. Let b be u(-8). Let f be 20 - (0 + (2 - 0)). Let h = f + b. What is the units digit of h?
1
Suppose 9 = 4*w + 41. What is the tens digit of 39/4 - 2/w?
1
What is the units digit of 492/24 - 1/(-2)?
1
Let t(d) = 5*d**2 - 3*d. What is the tens digit of t(-3)?
5
Let d(i) = -2*i - 4. Let r(c) = c**2 + 3*c - 3. Let n be r(2). Let s be d(n). Let f = s - -26. What is the units digit of f?
8
Let w = 96 + -48. What is the tens digit of w?
4
Suppose p - 97 = -u, 3 = 3*p - 4*p. What is the units digit of u?
0
Let q = -3 + 2. Let x be (q - -1)/((-3)/(-3)). Suppose -3*k + 6 = x, 0 = 4*p - 0*p - 3*k - 14. What is the units digit of p?
5
Suppose 2 + 6 = -y. What is the tens digit of (-94)/y + (-1)/(-4)?
1
Suppose 0 = -18*z + 11*z + 2548. What is the tens digit of z?
6
Suppose 0 = -2*q + 4 + 4, -2*q = -c - 3. Suppose -5*l = -10, -c*l = -5*u + 99 - 4. What is the units digit of u?
1
Suppose 2 = -2*q + 4. Let h be (2/(-6))/((-3)/18). Suppose -h*u + q = -5. What is the units digit of u?
3
Let l = 10 - -16. What is the units digit of l?
6
Let k = -7 - -57. Suppose m = -3*y + k, 4*m - 2 - 6 = 0. What is the units digit of y?
6
Suppose -3*o + 0 = -3. Suppose 14 - o = y + 5*p, -10 = -y - 2*p. What is the units digit of y?
8
Let y(t) = 3*t - 3. Let i be y(3). Let q = i + 16. What is the units digit of q?
2
What is the hundreds digit of (-4 - -8)/(3/222)?
2
Suppose 0 = 2*d - 7*d. Suppose d*m + 5*m - 55 = 0. What is the tens digit of m?
1
Let g(c) = -c + 1. Let y be g(-2). Let x = 8 + y. What is the units digit of x?
1
Let n(c) = -2*c**3 - 4*c**2 - c - 9. What is the tens digit of n(-4)?
5
Let b(f) = -f**2 - 7*f - 4. Let k be b(-6). Suppose 0 = k*y + y - 36. What is the tens digit of y?
1
Let u(m) = -m**2 + 6*m - 3. Let p be u(5). Suppose 0 = -w - 4*g - 4 + 22, 26 = p*w + 3*g. What is the tens digit of w?
1
Suppose 2*z + 2 = -0. Let d be 2/15 - 52/390. Let k = d - z. What is the units digit of k?
1
Suppose -5*f + 3*f = -6. Let j be ((-3)/(-4))/((-2)/(-40)). What is the units digit of j + f/(-6)*2?
4
Suppose j + 0*u + 2*u = 191, 0 = -j - u + 187. What is the hundreds digit of j?
1
Let k(n) = -8*n**3 + n**2 + n - 1. Let x be k(1). Let l = x - -19. Suppose 0 = 4*m - 40 + l. What is the units digit of m?
7
Let m = -18 - -28. Let x = -5 + m. What is the units digit of x?
5
Let d be 15/3 + -1 - 1. Suppose -180 = -0*u - d*u. Suppose -15 = -5*z + u. What is the units digit of z?
5
Suppose 9*b = 5*b + 116. What is the tens digit of b?
2
Let d(p) = 30*p. Let n be d(3). Let v = -62 + n. What is the units digit of v?
8
Let t = 76 + 44. Suppose 2*z - t = -5*n, n - 3*n - z + 49 = 0. Let c = 31 - n. What is the units digit of c?
9
Let l(k) = k**3 - 8*k**2 + 6. Let y be l(8). Suppose -6 = -y*p + 5*p. Suppose 3*u = u + p. What is the units digit of u?
3
What is the tens digit of 1 + 37 + 5/15*0?
3
Let v(z) = z**3 - 4*z**2 + 4*z - 2. Let q(s) = -s**2 + 3*s + 4. Let x be q(3). What is the tens digit of v(x)?
1
Let d(a) = 15*a**2 - a + 3. What is the units digit of d(4)?
9
Let m(u) = -u**2 + 13*u - 8. Let x be m(10). Let z = -16 + x. What is the units digit of z?
6
Suppose -12 = -3*d - 3. Suppose d*r - 6*r + 12 = 0. Suppose -36 + 0 = -r*n. What is the units digit of n?
9
Let n = -33 - -83. What is the units digit of n?
0
Let v = -21 - -25. Suppose 1 = v*w - 39. What is the tens digit of w?
1
Let f(r) = -2*r**2 - r**3 + 3*r + 3 + 4*r**2 + 0*r. What is the units digit of f(3)?
3
Let r(t) = -t**3 + 11*t**2 + 15*t + 11. What is the tens digit of r(12)?
4
Let s(r) = 14*r - 17. What is the tens digit of s(10)?
2
Let y = -3 - -7. Suppose y*f = -f + 35. What is the units digit of f?
7
Let s = 81 + -46. What is the tens digit of s?
3
Let h(x) = x**2 + 3*x + 1. Suppose 0*n - 4*n = 16. Let k be h(n). Suppose m - 7 = -2*q, k*m = m - 12. What is the units digit of q?
5
What is the units digit of (-5*1)/(-2 + 1)?
5
Let w be (10/15)/(2/15). Suppose 2*h = 5*h, 5*h + 25 = -w*m. Let b(a) = -2*a + 7. What is the tens digit of b(m)?
1
Let i = 1 - 3. Let a be (i/3)/(4/(-6)). Let l = 0 + a. What is the units digit of l?
1
Let u = 280 + -189. What is the tens digit of u?
9
Let i be 3 - 11/((-44)/(-48)). Let p = i - -19. What is the units digit of p?
0
Let d(y) = -y - 4. Let w be d(-5). Let z be (-3)/(2 + w)*3. Let a = z + 5. What is the units digit of a?
2
Suppose 32 + 139 = 3*f. What is the tens digit of f?
5
Let q(c) = 4*c - 3. What is the tens digit of q(4)?
1
Let h(l) = -l + 8. What is the tens digit of h(-7)?
1
Suppose 3 = -j - 5. Let l(m) = -2*m - 10. What is the units digit of l(j)?
6
Let j = -28 + 39. What is the tens digit of j?
1
Suppose -3*w = -0*w - 6. What is the units digit of 9/(-6) - (-15)/w?
6
What is the tens digit of (-195)/(-9) + -3 + (-40)/(-12)?
2
Let h = 24 - 14. Let i(c) = -c**3 + 10*c**2 - c + 13. What is the units digit of i(h)?
3
Let x(k) = 20*k**2 - k + 1. What is the tens digit of x(1)?
2
Let u = -12 + 7. What is the tens digit of (-1)/u + 54/5?
1
Let z(c) = c**2 + 6*c - 3. Let n be z(-6). Suppose 0*y = -2*s - y - 17, 0 = -5*y + 5. Let l = n - s. What is the units digit of l?
6
Suppose 4*d = 2*d + 4. Suppose -d*s = -4 + 8. Let z = 0 - s. What is the units digit of z?
2
Let b be -2 + 22 + 1 + 1. Let a = b - 10. What is the units digit of a?
2
What is the units digit of (2 - 2/2) + 43?
4
Let i(l) = -l**3 + 6*l**2 + 1. What is the units digit of i(5)?
6
Let l(u) = u + 8. Let x = -2 + 3. Let d be x*-1*(0 + 5). What is the units digit of l(d)?
3
Suppose -4*g + 5*g = -2*k + 85, 3*k - 3*g = 114. What is the units digit of k?
1
Suppose 4*n + 3*g - 18 = -6, 4*g = -3*n + 16. Let o = 53 + -32. Suppose n = 2*z + z - o. What is the units digit of z?
7
Let i = -15 - -4. 